{"id":388,"date":"2022-12-16T12:21:40","date_gmt":"2022-12-16T10:21:40","guid":{"rendered":"https:\/\/artisticexpressions.ro\/?page_id=388"},"modified":"2022-12-16T12:24:06","modified_gmt":"2022-12-16T10:24:06","slug":"cum-cumpar-si-cum-platesc","status":"publish","type":"page","link":"https:\/\/artisticexpressions.ro\/index.php\/cum-cumpar-si-cum-platesc\/","title":{"rendered":"Cum cump\u0103r \u0219i cum pl\u0103tesc?"},"content":{"rendered":"\t\t<div data-elementor-type=\"wp-page\" data-elementor-id=\"388\" class=\"elementor elementor-388\">\n\t\t\t\t\t\t<section class=\"elementor-section elementor-top-section elementor-element elementor-element-2f993a1 elementor-section-boxed elementor-section-height-default elementor-section-height-default\" data-id=\"2f993a1\" data-element_type=\"section\" data-e-type=\"section\">\n\t\t\t\t\t\t<div class=\"elementor-container elementor-column-gap-default\">\n\t\t\t\t\t<div class=\"elementor-column elementor-col-100 elementor-top-column elementor-element elementor-element-61c5f4d\" data-id=\"61c5f4d\" data-element_type=\"column\" data-e-type=\"column\">\n\t\t\t<div class=\"elementor-widget-wrap elementor-element-populated\">\n\t\t\t\t\t\t<div class=\"elementor-element elementor-element-4a8b4c6 elementor-widget elementor-widget-text-editor\" data-id=\"4a8b4c6\" data-element_type=\"widget\" data-e-type=\"widget\" data-widget_type=\"text-editor.default\">\n\t\t\t\t<div class=\"elementor-widget-container\">\n\t\t\t\t\t\t\t\t\t<section id=\"content\"><div id=\"post-19992\" class=\"post-19992 page type-page status-publish hentry\"><div class=\"post-content\"><h2 class=\"fusion-responsive-typography-calculated\" data-fontsize=\"32\" data-lineheight=\"41.6px\">Comanda produselor care sunt pe stoc:<\/h2><ul><li>ad\u0103uga\u021bi produsele dorite \u00een co\u0219<\/li><li>intra\u021bi pe cont \u0219i da\u021bi click pe \u201eContinu\u0103 plata\u201d<\/li><li>completa\u021bi spa\u021biile libere cu datele personale<\/li><li>*dac\u0103 dori\u021bi s\u0103 cump\u0103ra\u021bi ca persoan\u0103 juridic\u0103 v\u0103 rug\u0103m s\u0103 completa\u021bi numele firmei, iar la Note comand\u0103\/Observa\u021bii preciza\u021bi datele firmei (CUI, num\u0103r de \u00eenregistrare, cont bancar)<\/li><li>bifa\u021bi termenii \u0219i condi\u021biile<\/li><li>click pe \u201e<strong>Plaseaz\u0103 comanda<\/strong>\u201d<\/li><\/ul><br \/><h2 class=\"fusion-responsive-typography-calculated\" data-fontsize=\"32\" data-lineheight=\"41.6px\">CUM\u00a0<span class=\"dia_suggestion w1\" contextmenu=\"true\">PL\u0102TESC<\/span><\/h2><p>Produsele comandate pot fi achitate:<\/p><ul><li>ramburs, \u00een momentul \u00een care primi\u021bi comanda<\/li><\/ul><p><strong>*ATEN\u021aIE!<\/strong><br \/>Pe site avem expuse doar o mic\u0103 parte din lista noastr\u0103 de produse.<br \/>Contacta\u021bi-ne pentru a v\u0103 spune dac\u0103 avem produsul dorit pe stoc.<\/p><\/div><\/div><\/section>\t\t\t\t\t\t\t\t<\/div>\n\t\t\t\t<\/div>\n\t\t\t\t\t<\/div>\n\t\t<\/div>\n\t\t\t\t\t<\/div>\n\t\t<\/section>\n\t\t\t\t<\/div>\n\t\t","protected":false},"excerpt":{"rendered":"<p>Comanda produselor care sunt pe stoc: ad\u0103uga\u021bi produsele dorite \u00een co\u0219 intra\u021bi pe cont \u0219i da\u021bi click pe \u201eContinu\u0103 plata\u201d completa\u021bi spa\u021biile libere cu datele personale *dac\u0103 dori\u021bi s\u0103 cump\u0103ra\u021bi ca persoan\u0103 juridic\u0103 v\u0103 rug\u0103m s\u0103 completa\u021bi numele firmei, iar la Note comand\u0103\/Observa\u021bii preciza\u021bi datele firmei (CUI, num\u0103r de \u00eenregistrare, cont bancar) bifa\u021bi termenii \u0219i [&hellip;]<\/p>\n","protected":false},"author":1,"featured_media":0,"parent":0,"menu_order":0,"comment_status":"closed","ping_status":"closed","template":"","meta":{"_eb_attr":"","_monsterinsights_skip_tracking":false,"_monsterinsights_sitenote_active":false,"_monsterinsights_sitenote_note":"","_monsterinsights_sitenote_category":0,"site-sidebar-layout":"no-sidebar","site-content-layout":"page-builder","ast-site-content-layout":"default","site-content-style":"default","site-sidebar-style":"default","ast-global-header-display":"","ast-banner-title-visibility":"","ast-main-header-display":"","ast-hfb-above-header-display":"","ast-hfb-below-header-display":"","ast-hfb-mobile-header-display":"","site-post-title":"disabled","ast-breadcrumbs-content":"","ast-featured-img":"disabled","footer-sml-layout":"","ast-disable-related-posts":"","theme-transparent-header-meta":"","adv-header-id-meta":"","stick-header-meta":"","header-above-stick-meta":"","header-main-stick-meta":"","header-below-stick-meta":"","astra-migrate-meta-layouts":"default","ast-page-background-enabled":"default","ast-page-background-meta":{"desktop":{"background-color":"var(--ast-global-color-4)","background-image":"","background-repeat":"repeat","background-position":"center center","background-size":"auto","background-attachment":"scroll","background-type":"","background-media":"","overlay-type":"","overlay-color":"","overlay-opacity":"","overlay-gradient":""},"tablet":{"background-color":"","background-image":"","background-repeat":"repeat","background-position":"center center","background-size":"auto","background-attachment":"scroll","background-type":"","background-media":"","overlay-type":"","overlay-color":"","overlay-opacity":"","overlay-gradient":""},"mobile":{"background-color":"","background-image":"","background-repeat":"repeat","background-position":"center center","background-size":"auto","background-attachment":"scroll","background-type":"","background-media":"","overlay-type":"","overlay-color":"","overlay-opacity":"","overlay-gradient":""}},"ast-content-background-meta":{"desktop":{"background-color":"var(--ast-global-color-5)","background-image":"","background-repeat":"repeat","background-position":"center center","background-size":"auto","background-attachment":"scroll","background-type":"","background-media":"","overlay-type":"","overlay-color":"","overlay-opacity":"","overlay-gradient":""},"tablet":{"background-color":"var(--ast-global-color-5)","background-image":"","background-repeat":"repeat","background-position":"center center","background-size":"auto","background-attachment":"scroll","background-type":"","background-media":"","overlay-type":"","overlay-color":"","overlay-opacity":"","overlay-gradient":""},"mobile":{"background-color":"var(--ast-global-color-5)","background-image":"","background-repeat":"repeat","background-position":"center center","background-size":"auto","background-attachment":"scroll","background-type":"","background-media":"","overlay-type":"","overlay-color":"","overlay-opacity":"","overlay-gradient":""}},"footnotes":""},"class_list":["post-388","page","type-page","status-publish","hentry"],"aioseo_notices":[],"jetpack_sharing_enabled":true,"_links":{"self":[{"href":"https:\/\/artisticexpressions.ro\/index.php\/wp-json\/wp\/v2\/pages\/388","targetHints":{"allow":["GET"]}}],"collection":[{"href":"https:\/\/artisticexpressions.ro\/index.php\/wp-json\/wp\/v2\/pages"}],"about":[{"href":"https:\/\/artisticexpressions.ro\/index.php\/wp-json\/wp\/v2\/types\/page"}],"author":[{"embeddable":true,"href":"https:\/\/artisticexpressions.ro\/index.php\/wp-json\/wp\/v2\/users\/1"}],"replies":[{"embeddable":true,"href":"https:\/\/artisticexpressions.ro\/index.php\/wp-json\/wp\/v2\/comments?post=388"}],"version-history":[{"count":4,"href":"https:\/\/artisticexpressions.ro\/index.php\/wp-json\/wp\/v2\/pages\/388\/revisions"}],"predecessor-version":[{"id":392,"href":"https:\/\/artisticexpressions.ro\/index.php\/wp-json\/wp\/v2\/pages\/388\/revisions\/392"}],"wp:attachment":[{"href":"https:\/\/artisticexpressions.ro\/index.php\/wp-json\/wp\/v2\/media?parent=388"}],"curies":[{"name":"wp","href":"https:\/\/api.w.org\/{rel}","templated":true}]}}