{"id":3404,"date":"2025-04-13T22:37:46","date_gmt":"2025-04-13T20:37:46","guid":{"rendered":"https:\/\/artisticexpressions.ro\/?post_type=product&#038;p=3404"},"modified":"2025-04-13T22:37:46","modified_gmt":"2025-04-13T20:37:46","slug":"costum-dama-dunya","status":"publish","type":"product","link":"https:\/\/artisticexpressions.ro\/index.php\/produs\/costum-dama-dunya\/","title":{"rendered":"Costum Dam\u0103 Dunya"},"content":{"rendered":"<p>\ud83d\udd39 Sacou din stof\u0103:<br \/>\n\u2714 Croial\u0103 cambrat\u0103, ce accentueaz\u0103 silueta \u0219i ofer\u0103 un look sofisticat.<br \/>\n\u2714 Material premium, pl\u0103cut la atingere, ce asigur\u0103 un confort sporit pe tot parcursul zilei.<br \/>\n\u2714 \u00cenchidere cu cordon sub\u021bire, pentru o not\u0103 elegant\u0103 \u0219i un plus de versatilitate.<br \/>\n\u2714 M\u00e2neci trei sferturi, ideale pentru un look modern \u0219i rafinat.<\/p>\n<p>\ud83d\udd39 Fust\u0103 din tafta elastic\u0103:<br \/>\n\u2714 Material u\u0219or satinat, care ofer\u0103 o not\u0103 de lux \u0219i distinc\u021bie.<br \/>\n\u2714 Croial\u0103 fluid\u0103, ce pune \u00een valoare silueta \u0219i confer\u0103 libertate de mi\u0219care.<br \/>\n\u2714 Perfect\u0103 pentru a fi combinat\u0103 cu diverse bluze sau purtat\u0103 \u00eempreun\u0103 cu sacoul pentru un ansamblu elegant.<\/p>\n<p>\ud83d\udccd Ideal pentru: Evenimente speciale, \u021binute office sofisticate sau \u00eent\u00e2lniri importante.<br \/>\n\ud83d\udccd Culori disponibile: Clasice \u0219i elegante, potrivite pentru orice garderob\u0103.<\/p>\n<p>Fii mereu impecabil\u0103 \u0219i elegant\u0103 cu acest costum rafinat, creat pentru a-\u021bi pune \u00een valoare stilul \u0219i feminitatea! \u2728<\/p>\n","protected":false},"excerpt":{"rendered":"<p>Costum elegant din stof\u0103 \u0219i tafta elastic\u0103 \u2013 rafinament \u0219i stil atemporal<br \/>\nAcest costum feminin, compus dintr-un sacou impecabil croit din stof\u0103 premium \u0219i o fust\u0103 elegant\u0103 din tafta elastic\u0103, este alegerea perfect\u0103 pentru femeile care apreciaz\u0103 elegan\u021ba \u0219i confortul. Cu un design sofisticat \u0219i detalii atent lucrate, acest set redefine\u0219te rafinamentul modern.<\/p>\n","protected":false},"featured_media":3409,"comment_status":"open","ping_status":"closed","template":"","meta":{"_eb_attr":"","_monsterinsights_skip_tracking":false,"_monsterinsights_sitenote_active":false,"_monsterinsights_sitenote_note":"","_monsterinsights_sitenote_category":0,"site-sidebar-layout":"default","site-content-layout":"","ast-site-content-layout":"default","site-content-style":"default","site-sidebar-style":"default","ast-global-header-display":"","ast-banner-title-visibility":"","ast-main-header-display":"","ast-hfb-above-header-display":"","ast-hfb-below-header-display":"","ast-hfb-mobile-header-display":"","site-post-title":"","ast-breadcrumbs-content":"","ast-featured-img":"","footer-sml-layout":"","ast-disable-related-posts":"","theme-transparent-header-meta":"default","adv-header-id-meta":"","stick-header-meta":"","header-above-stick-meta":"","header-main-stick-meta":"","header-below-stick-meta":"","astra-migrate-meta-layouts":"set","ast-page-background-enabled":"default","ast-page-background-meta":{"desktop":{"background-color":"var(--ast-global-color-4)","background-image":"","background-repeat":"repeat","background-position":"center center","background-size":"auto","background-attachment":"scroll","background-type":"","background-media":"","overlay-type":"","overlay-color":"","overlay-opacity":"","overlay-gradient":""},"tablet":{"background-color":"","background-image":"","background-repeat":"repeat","background-position":"center center","background-size":"auto","background-attachment":"scroll","background-type":"","background-media":"","overlay-type":"","overlay-color":"","overlay-opacity":"","overlay-gradient":""},"mobile":{"background-color":"","background-image":"","background-repeat":"repeat","background-position":"center center","background-size":"auto","background-attachment":"scroll","background-type":"","background-media":"","overlay-type":"","overlay-color":"","overlay-opacity":"","overlay-gradient":""}},"ast-content-background-meta":{"desktop":{"background-color":"var(--ast-global-color-5)","background-image":"","background-repeat":"repeat","background-position":"center center","background-size":"auto","background-attachment":"scroll","background-type":"","background-media":"","overlay-type":"","overlay-color":"","overlay-opacity":"","overlay-gradient":""},"tablet":{"background-color":"var(--ast-global-color-5)","background-image":"","background-repeat":"repeat","background-position":"center center","background-size":"auto","background-attachment":"scroll","background-type":"","background-media":"","overlay-type":"","overlay-color":"","overlay-opacity":"","overlay-gradient":""},"mobile":{"background-color":"var(--ast-global-color-5)","background-image":"","background-repeat":"repeat","background-position":"center center","background-size":"auto","background-attachment":"scroll","background-type":"","background-media":"","overlay-type":"","overlay-color":"","overlay-opacity":"","overlay-gradient":""}}},"product_brand":[],"product_cat":[25],"product_tag":[320],"class_list":{"0":"post-3404","1":"product","2":"type-product","3":"status-publish","4":"has-post-thumbnail","6":"product_cat-costume-dama","7":"product_tag-dunya","8":"desktop-align-center","9":"tablet-align-left","10":"mobile-align-left","12":"first","13":"instock","14":"shipping-taxable","15":"purchasable","16":"product-type-variable"},"aioseo_notices":[],"jetpack_sharing_enabled":true,"_links":{"self":[{"href":"https:\/\/artisticexpressions.ro\/index.php\/wp-json\/wp\/v2\/product\/3404","targetHints":{"allow":["GET"]}}],"collection":[{"href":"https:\/\/artisticexpressions.ro\/index.php\/wp-json\/wp\/v2\/product"}],"about":[{"href":"https:\/\/artisticexpressions.ro\/index.php\/wp-json\/wp\/v2\/types\/product"}],"replies":[{"embeddable":true,"href":"https:\/\/artisticexpressions.ro\/index.php\/wp-json\/wp\/v2\/comments?post=3404"}],"wp:featuredmedia":[{"embeddable":true,"href":"https:\/\/artisticexpressions.ro\/index.php\/wp-json\/wp\/v2\/media\/3409"}],"wp:attachment":[{"href":"https:\/\/artisticexpressions.ro\/index.php\/wp-json\/wp\/v2\/media?parent=3404"}],"wp:term":[{"taxonomy":"product_brand","embeddable":true,"href":"https:\/\/artisticexpressions.ro\/index.php\/wp-json\/wp\/v2\/product_brand?post=3404"},{"taxonomy":"product_cat","embeddable":true,"href":"https:\/\/artisticexpressions.ro\/index.php\/wp-json\/wp\/v2\/product_cat?post=3404"},{"taxonomy":"product_tag","embeddable":true,"href":"https:\/\/artisticexpressions.ro\/index.php\/wp-json\/wp\/v2\/product_tag?post=3404"}],"curies":[{"name":"wp","href":"https:\/\/api.w.org\/{rel}","templated":true}]}}